ded by 7277?
5818
What is the remainder when 516052 is divided by 103151?
297
What is the remainder when 8142819 is divided by 27?
24
Calculate the remainder when 196113253 is divided by 153.
148
Calculate the remainder when 8127092 is divided by 161.
134
Calculate the remainder when 63640600 is divided by 13.
10
What is the remainder when 751197 is divided by 4?
1
What is the remainder when 64870 is divided by 21212?
1234
Calculate the remainder when 186270926 is divided by 4331882.
0
What is the remainder when 209402626 is divided by 10?
6
Calculate the remainder when 14501236 is divided by 79.
75
Calculate the remainder when 3412199 is divided by 66.
65
What is the remainder when 2680099 is divided by 228?
187
What is the remainder when 3099456 is divided by 73796?
24
What is the remainder when 3419528 is divided by 3226?
3194
What is the remainder when 1179873 is divided by 107?
91
What is the remainder when 31141430 is divided by 1533?
68
What is the remainder when 150990 is divided by 22797?
14208
What is the remainder when 1847353 is divided by 167888?
585
Calculate the remainder when 343029 is divided by 1047.
660
What is the remainder when 10917647 is divided by 60318?
89
Calculate the remainder when 6596 is divided by 4914.
1682
Calculate the remainder when 77517 is divided by 4667.
2845
What is the remainder when 202794 is divided by 11796?
2262
What is the remainder when 67404135 is divided by 388?
387
What is the remainder when 74389405 is divided by 24796467?
4
What is the remainder when 1378654 is divided by 65?
4
Calculate the remainder when 1645850 is divided by 71.
70
Calculate the remainder when 40106250 is divided by 33.
30
What is the remainder when 104407 is divided by 6138?
61
What is the remainder when 107196 is divided by 34931?
2403
Calculate the remainder when 86181 is divided by 1578.
969
What is the remainder when 263083 is divided by 8768?
43
Calculate the remainder when 3955993 is divided by 1000.
993
Calculate the remainder when 436444821 is divided by 10936.
10933
Calculate the remainder when 38786 is divided by 1808.
818
Calculate the remainder when 31835 is divided by 1087.
312
Calculate the remainder when 2949284 is divided by 983091.
11
What is the remainder when 19266885 is divided by 245?
85
Calculate the remainder when 76158 is divided by 317.
78
Calculate the remainder when 351097 is divided by 120.
97
Calculate the remainder when 237087 is divided by 784.
319
What is the remainder when 5262806 is divided by 13?
3
Calculate the remainder when 1548791 is divided by 98.
97
What is the remainder when 30151 is divided by 5404?
3131
Calculate the remainder when 107176428 is divided by 5001.
4998
What is the remainder when 6984485 is divided by 315?
305
Calculate the remainder when 411648719 is divided by 1214303.
2
What is the remainder when 703076 is divided by 1635?
26
What is the remainder when 12005853 is divided by 2000974?
9
What is the remainder when 2150174 is divided by 989?
88
What is the remainder when 166396183 is divided by 2381?
2379
Calculate the remainder when 589175 is divided by 25615.
30
Calculate the remainder when 181196 is divided by 8213.
510
Calculate the remainder when 4182002 is divided by 2289.
2288
Calculate the remainder when 2149358 is divided by 716414.
116
What is the remainder when 114282 is divided by 2995?
472
Calculate the remainder when 39743578 is divided by 3911.
3907
Calculate the remainder when 87474 is divided by 919.
169
Calculate the remainder when 38668421 is divided by 2416776.
5
Calculate the remainder when 547065 is divided by 547051.
14
What is the remainder when 2561050 is divided by 193?
133
Calculate the remainder when 7422 is divided by 6120.
1302
Calculate the remainder when 117456 is divided by 117420.
36
What is the remainder when 70754270 is divided by 50003?
25
What is the remainder when 4292306 is divided by 431?
408
What is the remainder when 2093791 is divided by 67?
41
What is the remainder when 2225064 is divided by 1586?
1492
Calculate the remainder when 11042055 is divided by 20678.
3
Calculate the remainder when 43962 is divided by 3157.
2921
What is the remainder when 39384348 is divided by 289?
6
What is the remainder when 49819122 is divided by 2363?
2356
What is the remainder when 1767803 is divided by 452?
31
What is the remainder when 1785015 is divided by 2847?
2793
Calculate the remainder when 76967 is divided by 736.
423
Calculate the remainder when 69542 is divided by 69287.
255
Calculate the remainder when 1769913 is divided by 8676.
9
What is the remainder when 113658 is divided by 71?
58
Calculate the remainder when 912168 is divided by 764.
716
Calculate the remainder when 36330105 is divided by 18165041.
23
Calculate the remainder when 742335 is divided by 247263.
546
Calculate the remainder when 2298415 is divided by 67.
47
Calculate the remainder when 10809580 is divided by 508.
356
Calculate the remainder when 332773 is divided by 48.
37
Calculate the remainder when 326128470 is divided by 108709488.
6
Calculate the remainder when 3065627 is divided by 2437.
2318
Calculate the remainder when 11605375 is divided by 2107.
19
Calculate the remainder when 30795 is divided by 1420.
975
Calculate the remainder when 4946966 is divided by 2948.
222
What is the remainder when 135585 is divided by 63764?
8057
Calculate the remainder when 63720571 is divided by 129.
118
Calculate the remainder when 52933235 is divided by 274.
271
Calculate the remainder when 578131 is divided by 288951.
229
Calculate the remainder when 33360 is divided by 32873.
487
Calculate the remainder when 24207962 is divided by 245.
2
Calculate the remainder when 4125587 is divided by 29.
18
What is the remainder when 23368 is divided by 22752?
616
What is the remainder when 1491200 is divided by 237?
233
What is the remainder when 560775 is divided by 2124?
39
Calculate the remainder when 383465 is divided by 381566.
1899
Calculate the remainder when 22462 is divided by 6585.
2707
Calculate the remainder when 3179139 is divided by 49.
19
What is the remainder when 258822 is divided by 8996?
6934
What is the remainder when 84173 is divided by 448?
397
What is the remainder when 5523423 is divided by 18?
15
Calculate the remainder when 1610019 is divided by 1313.
281
What is the remainder when 9277940 is divided by 9277937?
3
Calculate the remainder when 2906659 is divided by 57.
1
What is the remainder when 1659522 is divided by 829755?
12
What is the remainder when 10565 is divided by 247?
191
Calculate the remainder when 119854123 is divided by 39951374.
1
What is the remainder when 170990 is divided by 34159?
195
Calculate the remainder when 181752 is divided by 740.
452
What is the remainder when 159703216 is divided by 753317?
12
What is the remainder when 1113560 is divided by 278358?
128
What is the remainder when 528463 is divided by 105582?
553
What is the remainder when 767269 is divided by 444?
37
Calculate the remainder when 2059109 is divided by 26397.
143
What is the remainder when 10368320 is divided by 193?
167
What is the remainder when 1112577 is divided by 989?
941
Calculate the remainder when 3530924 is divided by 1199.
1068
Calculate the remainder when 17876996 is divided by 928.
4
Calculate the remainder when 34464 is divided by 44.
12
Calculate the remainder when 5666301 is divided by 1471.
9
Calculate the remainder when 17537137 is divided by 1510.
1507
Calculate the remainder when 216004067 is divided by 12.
11
Calculate the remainder when 68521562 is divided by 871.
863
What is the remainder when 142988 is divided by 2773?
1565
What is the remainder when 77852 is divided by 38845?
162
Calculate the remainder when 38456940 is divided by 289.
288
What is the remainder when 977008 is divided by 5145?
4603
Calculate the remainder when 77597 is divided by 815.
172
What is the remainder when 615632 is divided by 299?
290
Calculate the remainder when 39285566 is divided by 1061772.
2
Calculate the remainder when 2808339 is divided by 32655.
9
Calculate the remainder when 1725841 is divided by 765.
1
Calculate the remainder when 1167687 is divided by 19142.
25
Calculate the remainder when 5964329 is divided by 331351.
11
Calculate the remain